when 8080918 is divided by 120.
118
Calculate the remainder when 7999 is divided by 116.
111
What is the remainder when 838 is divided by 262?
52
Calculate the remainder when 2577 is divided by 15.
12
Calculate the remainder when 4181535 is divided by 67.
65
Calculate the remainder when 69931 is divided by 248.
243
What is the remainder when 198576 is divided by 168?
0
Calculate the remainder when 359752 is divided by 2464.
8
What is the remainder when 313604 is divided by 297?
269
Calculate the remainder when 150647 is divided by 230.
227
Calculate the remainder when 42170 is divided by 18.
14
What is the remainder when 2261 is divided by 336?
245
Calculate the remainder when 10645 is divided by 44.
41
What is the remainder when 65390 is divided by 406?
24
Calculate the remainder when 1987 is divided by 25.
12
Calculate the remainder when 13836 is divided by 601.
13
What is the remainder when 87187 is divided by 43561?
65
Calculate the remainder when 2023 is divided by 48.
7
What is the remainder when 12765 is divided by 336?
333
What is the remainder when 24247 is divided by 551?
3
What is the remainder when 11259 is divided by 275?
259
Calculate the remainder when 110018 is divided by 317.
19
What is the remainder when 2872 is divided by 99?
1
What is the remainder when 1790104 is divided by 122?
120
What is the remainder when 195554 is divided by 13?
8
What is the remainder when 9084 is divided by 2239?
128
What is the remainder when 973 is divided by 701?
272
Calculate the remainder when 22726 is divided by 12.
10
Calculate the remainder when 4670133 is divided by 865.
863
What is the remainder when 38998 is divided by 106?
96
Calculate the remainder when 74947 is divided by 24963.
58
Calculate the remainder when 77848 is divided by 218.
22
Calculate the remainder when 31384 is divided by 70.
24
What is the remainder when 2092 is divided by 346?
16
Calculate the remainder when 19972 is divided by 9847.
278
Calculate the remainder when 65583 is divided by 16395.
3
Calculate the remainder when 345030 is divided by 264.
246
What is the remainder when 23681 is divided by 504?
497
What is the remainder when 90815 is divided by 239?
234
Calculate the remainder when 807 is divided by 47.
8
What is the remainder when 807 is divided by 154?
37
Calculate the remainder when 2158 is divided by 861.
436
Calculate the remainder when 3056 is divided by 64.
48
Calculate the remainder when 17925 is divided by 1775.
175
What is the remainder when 5777 is divided by 1850?
227
Calculate the remainder when 591 is divided by 254.
83
What is the remainder when 139645 is divided by 69808?
29
Calculate the remainder when 4070 is divided by 15.
5
Calculate the remainder when 23026 is divided by 4988.
3074
What is the remainder when 7218 is divided by 1803?
6
Calculate the remainder when 26790 is divided by 231.
225
Calculate the remainder when 8432256 is divided by 33.
30
What is the remainder when 3162 is divided by 693?
390
Calculate the remainder when 1085 is divided by 63.
14
What is the remainder when 958 is divided by 950?
8
Calculate the remainder when 15538 is divided by 25.
13
What is the remainder when 348674 is divided by 9?
5
Calculate the remainder when 81713 is divided by 928.
49
Calculate the remainder when 15453 is divided by 377.
373
Calculate the remainder when 32842 is divided by 146.
138
Calculate the remainder when 1670 is divided by 83.
10
Calculate the remainder when 74666 is divided by 114.
110
Calculate the remainder when 17344 is divided by 4254.
328
Calculate the remainder when 77703 is divided by 5180.
3
Calculate the remainder when 4228 is divided by 18.
16
Calculate the remainder when 1337585 is divided by 152.
137
What is the remainder when 44337 is divided by 773?
276
Calculate the remainder when 5367 is divided by 15.
12
Calculate the remainder when 4423 is divided by 393.
100
What is the remainder when 17549 is divided by 244?
225
Calculate the remainder when 22473 is divided by 204.
33
What is the remainder when 2064 is divided by 240?
144
Calculate the remainder when 11133 is divided by 2780.
13
Calculate the remainder when 1255799 is divided by 24.
23
What is the remainder when 69675 is divided by 79?
76
Calculate the remainder when 3157 is divided by 2672.
485
What is the remainder when 281187 is divided by 1212?
3
Calculate the remainder when 945193 is divided by 340.
333
What is the remainder when 73641 is divided by 233?
13
Calculate the remainder when 113358 is divided by 29.
26
Calculate the remainder when 73206 is divided by 2035.
1981
What is the remainder when 82401 is divided by 189?
186
What is the remainder when 240454 is divided by 67?
58
Calculate the remainder when 12555 is divided by 433.
431
What is the remainder when 708 is divided by 54?
6
What is the remainder when 25768 is divided by 991?
2
What is the remainder when 52477 is divided by 343?
341
What is the remainder when 819564 is divided by 22?
20
What is the remainder when 18843 is divided by 460?
443
What is the remainder when 1052783 is divided by 216?
215
What is the remainder when 24864 is divided by 120?
24
Calculate the remainder when 34139 is divided by 249.
26
Calculate the remainder when 1304 is divided by 389.
137
What is the remainder when 286607 is divided by 100?
7
Calculate the remainder when 12221 is divided by 2997.
233
What is the remainder when 48587 is divided by 59?
30
What is the remainder when 1303818 is divided by 31?
20
Calculate the remainder when 23051 is divided by 204.
203
What is the remainder when 130621 is divided by 8?
5
What is the remainder when 211 is divided by 163?
48
What is the remainder when 411 is divided by 383?
28
Calculate the remainder when 227935 is divided by 20.
15
What is the remainder when 8243 is divided by 2209?
1616
What is the remainder when 320993 is divided by 18?
17
Calculate the remainder when 101732 is divided by 4235.
92
What is the remainder when 12789 is divided by 18?
9
What is the remainder when 1211 is divided by 368?
107
What is the remainder when 66466 is divided by 4431?
1
Calculate the remainder when 122 is divided by 59.
4
Calculate the remainder when 1373 is divided by 321.
89
Calculate the remainder when 2369 is divided by 454.
99
Calculate the remainder when 84367 is divided by 10.
7
Calculate the remainder when 11315 is divided by 224.
115
What is the remainder when 5518 is divided by 24?
22
Calculate the remainder when 6791 is divided by 146.
75
What is the remainder when 6537 is divided by 3189?
159
What is the remainder when 27777 is divided by 6930?
57
What is the remainder when 10802 is divided by 91?
64
What is the remainder when 8470 is divided by 2733?
271
Calculate the remainder when 172362 is divided by 378.
372
Calculate the remainder when 2668442 is divided by 65.
62
Calculate the remainder when 1509 is divided by 254.
239
Calculate the remainder when 354111 is divided by 16.
15
Calculate the remainder when 14522 is divided by 6.
2
Calculate the remainder when 42469 is divided by 8.
5
Calculate the remainder when 8885 is divided by 369.
29
What is the remainder when 1050826 is divided by 1263?
10
What is the remainder when 423799 is divided by 40?
39
What is the remainder when 1082 is divided by 527?
28
What is the remainder when 23667 is divided by 905?
137
What is the remainder when 387578 is divided by 29?
22
Calculate the remainder when 4433 is divided by 4042.
391
Calculate the remainder when 19461 is divided by 229.
225
Calculate the remainder when 11731 is divided by 519.
313
What is the remainder when 5840 is divided by 921?
314
Calculate the remainder when 8797 is divided by 4230.
337
What is the remainder when 100978 is divided by 306?
304
What is the remainder when 1126683 is divided by 536?
11
What is the remainder when 2648 is divided by 979?
690
Calculate the remainder when 18496 is divided by 18164.
332
What is the remainder when 32538 is divided by 307?
303
Calculate the remainder when 1929 is divided by 60.
9
What is the remainder when 22384 is divided by 227?
138
What is the remainder when 98689 is divided by 67?
65
What is the remainder when 511551 is divided by 72?
63
What is the remainder when 83845 is divided by 1950?
1945
Calculate the remain